er when 153608 is divided by 612?
608
Calculate the remainder when 200169 is divided by 991.
978
Calculate the remainder when 36369 is divided by 527.
6
Calculate the remainder when 9571 is divided by 36.
31
Calculate the remainder when 99948 is divided by 25.
23
What is the remainder when 2843 is divided by 43?
5
Calculate the remainder when 800 is divided by 30.
20
What is the remainder when 212238 is divided by 112?
110
What is the remainder when 1547143 is divided by 46?
25
What is the remainder when 804487 is divided by 175?
12
Calculate the remainder when 54035 is divided by 40.
35
What is the remainder when 32146 is divided by 1286?
1282
What is the remainder when 24518 is divided by 7?
4
Calculate the remainder when 633731 is divided by 132.
131
What is the remainder when 143383 is divided by 1593?
13
What is the remainder when 93707 is divided by 171?
170
What is the remainder when 668046 is divided by 344?
342
What is the remainder when 26852 is divided by 6622?
364
Calculate the remainder when 1174456 is divided by 35.
31
What is the remainder when 2112 is divided by 1034?
44
Calculate the remainder when 50572 is divided by 116.
112
What is the remainder when 50449 is divided by 10069?
104
What is the remainder when 683187 is divided by 30?
27
Calculate the remainder when 1650245 is divided by 805.
800
Calculate the remainder when 6552 is divided by 90.
72
Calculate the remainder when 2942585 is divided by 17.
4
What is the remainder when 47194 is divided by 46?
44
Calculate the remainder when 74728 is divided by 74692.
36
Calculate the remainder when 9880 is divided by 68.
20
Calculate the remainder when 4846 is divided by 305.
271
What is the remainder when 925 is divided by 153?
7
Calculate the remainder when 11437 is divided by 28.
13
Calculate the remainder when 49008 is divided by 134.
98
What is the remainder when 1828 is divided by 1800?
28
Calculate the remainder when 201227 is divided by 67067.
26
What is the remainder when 43909 is divided by 511?
474
What is the remainder when 35421 is divided by 899?
360
What is the remainder when 2215 is divided by 2208?
7
Calculate the remainder when 72945 is divided by 24.
9
What is the remainder when 15537 is divided by 1292?
33
Calculate the remainder when 56098 is divided by 5608.
18
Calculate the remainder when 57340 is divided by 114.
112
Calculate the remainder when 129600 is divided by 6171.
9
What is the remainder when 5880 is divided by 2?
0
Calculate the remainder when 3455 is divided by 196.
123
What is the remainder when 53595 is divided by 793?
464
Calculate the remainder when 17798 is divided by 106.
96
Calculate the remainder when 5990 is divided by 78.
62
What is the remainder when 9262 is divided by 771?
10
Calculate the remainder when 18545 is divided by 1426.
7
What is the remainder when 2501 is divided by 156?
5
Calculate the remainder when 23757 is divided by 250.
7
What is the remainder when 1050167 is divided by 329?
328
Calculate the remainder when 2736 is divided by 1356.
24
Calculate the remainder when 157912 is divided by 480.
472
Calculate the remainder when 1417 is divided by 144.
121
What is the remainder when 83662 is divided by 1230?
22
Calculate the remainder when 4978 is divided by 2469.
40
What is the remainder when 479 is divided by 248?
231
What is the remainder when 137552 is divided by 68769?
14
What is the remainder when 740967 is divided by 9?
6
What is the remainder when 22478 is divided by 49?
36
Calculate the remainder when 957633 is divided by 17.
6
Calculate the remainder when 143976 is divided by 92.
88
Calculate the remainder when 42681 is divided by 14222.
15
Calculate the remainder when 10280 is divided by 2498.
288
What is the remainder when 191843 is divided by 307?
275
Calculate the remainder when 3299 is divided by 2679.
620
Calculate the remainder when 114940 is divided by 28.
0
Calculate the remainder when 109733 is divided by 109713.
20
Calculate the remainder when 20044 is divided by 229.
121
What is the remainder when 1381872 is divided by 14246?
10
What is the remainder when 34561 is divided by 326?
5
What is the remainder when 503414 is divided by 113?
112
Calculate the remainder when 77637 is divided by 11090.
7
What is the remainder when 146103 is divided by 48699?
6
Calculate the remainder when 28488 is divided by 3560.
8
Calculate the remainder when 3355171 is divided by 781.
776
What is the remainder when 320242 is divided by 495?
472
What is the remainder when 21238 is divided by 118?
116
What is the remainder when 5595 is divided by 935?
920
What is the remainder when 315333 is divided by 157664?
5
Calculate the remainder when 619 is divided by 364.
255
Calculate the remainder when 48188 is divided by 48182.
6
What is the remainder when 2015 is divided by 707?
601
Calculate the remainder when 70456 is divided by 23469.
49
What is the remainder when 17311 is divided by 77?
63
What is the remainder when 2770 is divided by 2706?
64
Calculate the remainder when 94034 is divided by 43.
36
What is the remainder when 24699 is divided by 133?
94
What is the remainder when 25729 is divided by 23?
15
What is the remainder when 164295 is divided by 296?
15
Calculate the remainder when 43033 is divided by 21512.
9
What is the remainder when 18328 is divided by 4530?
208
What is the remainder when 4418 is divided by 1984?
450
Calculate the remainder when 16420087 is divided by 23.
19
Calculate the remainder when 7829 is divided by 2439.
512
What is the remainder when 21507 is divided by 29?
18
Calculate the remainder when 12832 is divided by 146.
130
Calculate the remainder when 70151 is divided by 158.
157
What is the remainder when 5774 is divided by 141?
134
Calculate the remainder when 13635 is divided by 6663.
309
Calculate the remainder when 1042271 is divided by 47.
46
Calculate the remainder when 6212 is divided by 20.
12
What is the remainder when 396300 is divided by 198142?
16
What is the remainder when 678 is divided by 350?
328
What is the remainder when 26464 is divided by 15?
4
Calculate the remainder when 2566 is divided by 12.
10
Calculate the remainder when 3580 is divided by 705.
55
What is the remainder when 19084 is divided by 9541?
2
Calculate the remainder when 1973 is divided by 245.
13
What is the remainder when 2208 is divided by 356?
72
What is the remainder when 1754894 is divided by 44?
42
What is the remainder when 12501 is divided by 594?
27
Calculate the remainder when 28506 is divided by 4066.
44
Calculate the remainder when 1852142 is divided by 56.
54
Calculate the remainder when 1121 is divided by 277.
13
What is the remainder when 37536 is divided by 50?
36
What is the remainder when 8452055 is divided by 10?
5
What is the remainder when 4377 is divided by 335?
22
What is the remainder when 36177 is divided by 1341?
1311
Calculate the remainder when 32057 is divided by 46.
41
What is the remainder when 2525 is divided by 280?
5
Calculate the remainder when 193786 is divided by 68.
54
Calculate the remainder when 61269 is divided by 3063.
9
Calculate the remainder when 11121 is divided by 2213.
56
Calculate the remainder when 2018 is divided by 421.
334
Calculate the remainder when 6904 is divided by 53.
14
Calculate the remainder when 357430 is divided by 843.
841
Calculate the remainder when 2797 is divided by 786.
439
What is the remainder when 5682 is divided by 522?
462
What is the remainder when 21276 is divided by 159?
129
Calculate the remainder when 2277 is divided by 267.
141
What is the remainder when 80006 is divided by 15?
11
What is the remainder when 1040142 is divided by 518?
516
What is the remainder when 38589 is divided by 304?
285
What is the remainder when 2266 is divided by 1073?
120
Calculate the remainder when 5030 is divided by 278.
26
Calculate the remainder when 426422 is divided by 62.
48
What is the remainder when 14334 is divided by 25?
9
Calculate the remainder when 85294 is divided by 17057.
9
What is the remainder when 447464 is divided by 642?
632
What is the remainder when 52668 is divided by 145?
33
What is the remainder when 8195 is divided by 292?
19
Calculate the remainder when 9357 is divided by 80.
77
Calculate the remainder when 7701 is divided by 